-13*j + r = 12*j. What is the hundreds digit of j?
1
Let r be 2/(-4) - (-155)/10. Suppose 8 = 17*u - r*u. Suppose -u*x = -62 - 738. What is the units digit of x?
0
Let f = 25649 - 17703. What is the thousands digit of f?
7
Let t = -12576 - -14158. What is the tens digit of t?
8
Let j(t) = 4975*t**2 - 326*t - 17. What is the ten thousands digit of j(3)?
4
Suppose 7*v - 3052 = -m + 9*v, -3*m + 9183 = 3*v. Suppose 12*w - m = 4742. What is the units digit of w?
0
Suppose 15 = -19*d + 490. Let z(y) = -y**2 + 87*y - 154. What is the thousands digit of z(d)?
1
Let s(b) = 7*b**3 - 43*b**2 - 3*b + 135. What is the units digit of s(9)?
8
Suppose -7*g = -2068 + 9901. Let m = -758 - g. What is the tens digit of m?
6
Let z be (136/85)/(4/10). Let o = z + 143. Let g = -93 + o. What is the units digit of g?
4
Let g = -50 - -53. Suppose -t = -5*v - 133, v = -3*t - g*v + 342. Let m = t - -6. What is the units digit of m?
4
What is the tens digit of 26 + (-30 - -5) - -1*43327?
2
Suppose 4*g - 16 = 0, -2*g - 15 - 9 = 4*b. Let z = 66 - 55. Let i = b + z. What is the units digit of i?
3
Suppose 4*i - 306 + 1102 = 0. Let r = -134 - i. What is the units digit of r?
5
Suppose 4*u = 7*y - 55324, 8*u = 3*y + 3*u - 23707. What is the units digit of y?
4
Suppose -46 = -33*o + 251. Suppose 0*r + 5760 = o*r. What is the units digit of r?
0
Let x = 530 + -521. Let l(v) = 2*v**3 - 12*v**2 + 14*v - 24. What is the tens digit of l(x)?
8
Let w(s) = s**3 + 98*s**2 + 31*s + 296. What is the tens digit of w(-89)?
2
Let t(u) = 12394*u**2 - 414*u + 824. What is the tens digit of t(2)?
7
Suppose 9*w - 91804 = 168805 + 115834. What is the thousands digit of w?
1
Let f be (5/(-2))/(1/(-2)). Let v = -10467 - -10363. What is the tens digit of (-20)/4*(v/f - -4)?
8
Suppose 1731*g - 1737*g + 306450 = 0. What is the hundreds digit of g?
0
Let q = 503 - 497. What is the tens digit of (-7)/42 + 6799/q?
3
What is the thousands digit of -4 - (-27)/((-216)/(-173536))?
1
Suppose 0 = -4*o + 8, -5*q + 4*o - 2*o + 31 = 0. Suppose 2171 = q*l - 1280. What is the hundreds digit of l?
4
Let a(s) = -5*s**3 - s**2 - 8*s - 12. Let h be a(-4). Let m = h + 116. What is the tens digit of m?
4
Let c = -58813 - -121471. What is the hundreds digit of c?
6
Suppose -d - 8 = -16. Suppose 13*q - 20 = d*q. Suppose q*z - 287 - 353 = 0. What is the tens digit of z?
6
Let y(i) = -i**2 - 5*i + 14. Let g(s) = -2*s**2 - 9*s + 27. Let q(d) = -4*g(d) + 7*y(d). Let l be 20 + -20 - (-3 + 0). What is the units digit of q(l)?
2
Let b(p) be the second derivative of 73*p**4/2 - p**3/6 + p - 30. What is the tens digit of b(1)?
3
Let h(a) = -a**3 - 2*a**2 - 7*a + 5. Let w = 30 + -27. Let q be h(w). Let b = q - -103. What is the tens digit of b?
4
Let s = 268 - 270. What is the units digit of (201 - (-3 - s))/(4 - 3)?
2
Let l be ((-822)/(-4))/((-3)/(-6)). Suppose 4*r - 653 = l. What is the units digit of r?
6
What is the hundreds digit of (80715/10)/((-8)/((-96)/9))?
7
Suppose 5 = -3*h + 4*w - 23, 2*h = -5*w + 12. Let u(q) = -59*q - 4. Let z be u(h). Let m = z - 104. What is the units digit of m?
8
Let u(t) = 2*t + 10. Let o be u(-5). Suppose o = -l + 255 - 27. What is the tens digit of l?
2
Suppose -83*x = -61*x - 132. Suppose -2*u - 3*b + 1277 = 0, -b + x*b = 15. What is the units digit of u?
4
Suppose -3*q + 14 = -2*g, 0 = -2*g - 8. Suppose 0 = 5*f - 3*y - 17, -4 = -q*f + 4*y - 0. Suppose 272 = f*v - 28. What is the tens digit of v?
7
Let x = 14407 - -12441. What is the tens digit of x?
4
Let d(j) = -27*j + 424. Let x be d(16). What is the thousands digit of (-2 - x)*14139/54?
1
Let h(b) = -12*b - 9. Let p be (-922)/(-18) - (-10)/(-45). Suppose -x = -5*q - 20 + 4, -p = 4*x + 3*q. What is the units digit of h(x)?
9
Let c(w) = -2*w**3 + 3*w**2 - 5*w - 4. Let y = -121 + 118. Let a be c(y). Suppose -22 = 5*g - a. What is the units digit of g?
4
Let j(l) be the second derivative of 3*l**4/2 - 41*l**3/6 + 21*l**2/2 + 4*l + 8. What is the hundreds digit of j(6)?
4
Suppose 16*u = -2*u - 17*u + 177135. What is the tens digit of u?
6
Suppose 0*s - 2*t - 74 = 2*s, -134 = 4*s - 3*t. What is the tens digit of (s/(-7) - 9) + 245?
4
Let b(w) be the third derivative of 3*w**5/20 - w**4/8 - 14*w**3/3 + 114*w**2. What is the tens digit of b(6)?
7
Let a be ((-8)/24)/(2/(-24) - 0). Let f(j) = -14*j**3 + 2*j**2 + 4*j. Let x be f(a). What is the tens digit of x/40*10/(-4)?
5
What is the thousands digit of (62 + -34)*(7 + -4 + 695/2)?
9
Let c(o) = 131*o - 28. Let x be c(12). Suppose -28*y + x = -24*y. What is the units digit of y?
6
Suppose -21*w - 32*w + 151496 = 5*w. What is the tens digit of w?
1
Suppose 3*p + 3*n - 7*n - 43 = 0, -5*p - 2*n + 63 = 0. Let v be (-2)/p - 164/(-52). Suppose -4 = -2*s - 5*t, -v*s + t = 4*t - 15. What is the units digit of s?
7
Let z(c) = c**3 + c**2 - 2*c - 681. Let l be z(0). Let x = l - -1063. What is the hundreds digit of x?
3
Suppose -28*u = 4*u - 2304. Let p = 257 - u. What is the tens digit of p?
8
Let o(p) = 61*p**2 - 85*p - 1170. What is the tens digit of o(-13)?
4
Suppose -7*k = -16146 + 4966 - 49244. What is the thousands digit of k?
8
Suppose -25 = 1086*u - 1091*u, -68804 = -3*x + 5*u. What is the thousands digit of x?
2
Let b be (12 - 11)*(1 + 1) - -8. Suppose -2*p = 2*g - 1400, b*p = 9*p - 3*g + 698. What is the hundreds digit of p?
7
Let f(n) be the first derivative of -14 + 9/2*n**2 - 34*n. What is the tens digit of f(22)?
6
Let h(q) = -7*q + 81. Let p be h(11). Suppose 3*x = -2*y + 1547, -2066 = -p*x + 3*y - 5*y. What is the hundreds digit of x?
5
Let j(w) = 38*w**2 + 481*w - 12. What is the tens digit of j(-19)?
6
Suppose 3*l + 3*f + 36 = 0, -2*f = -20*l + 23*l + 30. Let m(d) = 2*d**2 + 0 + 14 - 6*d + d**2. What is the tens digit of m(l)?
5
What is the units digit of (-10 + 143/13)/(5/159825)?
5
Let v = -28646 + 36410. What is the units digit of v?
4
Let g be 2/(-12)*(-6)/(-2)*-6. What is the units digit of 2 + 1/(g/(-9)) + 513?
2
Suppose -5 = -r, -2*k - r = -0 - 15. Suppose -k*z + 80 = s - 187, s + 4*z = 269. What is the units digit of s?
7
Suppose 0 = -42*i + 41*i + 3, -4*q + 65903 = i. What is the tens digit of q?
7
Let h(s) = -7*s**2 - 40*s + 12. Let i be h(11). Let c = i + 2493. What is the tens digit of c?
1
Suppose 0 = -14*s + 28*s - 50582. What is the thousands digit of s?
3
Suppose -7*d + 255159 = 28822 - 30948. What is the ten thousands digit of d?
3
Suppose 517382 = 135*h + 164822 - 608910. What is the thousands digit of h?
7
Let j(z) = -5*z**3 - 23*z**2 - 39*z - 8. What is the units digit of j(-4)?
0
Suppose 5*i = 5*x + 20, -2*x = 7*i - 3*i - 10. Let y be x*(5/((-4)/(-4)) - 0). Let k(f) = 4*f**2 - 2*f + 11. What is the hundreds digit of k(y)?
1
Let a be -1 + -2 + 2 + 1. Suppose 0 = -m + 5*s - s + 67, a = -5*m - 4*s + 263. Let c = m + 9. What is the tens digit of c?
6
Let h(l) = l**3 - 9*l**2 + 2*l - 14. Let r be h(9). Suppose 3*z = -r*v + 1317, v + z - 331 = 2*z. What is the hundreds digit of v?
3
Suppose -4*i + 3*t + 408 = t, 93 = i + 4*t. Let m = 39 + i. What is the tens digit of m?
4
Suppose 0 = -8*p - 3199 + 727. Suppose -164 + 12 = w. Let i = w - p. What is the tens digit of i?
5
Let l = -11460 - -12675. What is the thousands digit of l?
1
Suppose 0 = -x + 2540 + 814. What is the hundreds digit of x?
3
Suppose -g + 8 = 0, -2*z + 107*g = 104*g - 65490. What is the hundreds digit of z?
7
Let s(i) = -i**3 - 11*i**2 + 14*i - 7. Suppose 5*o + 0*o - k = 247, -o = -4*k - 38. Let a = -63 + o. What is the hundreds digit of s(a)?
1
Suppose -n - n = u - 19, -3*u = -3. Suppose n*d = 745 + 362. Suppose 5*v + 2*t = 360, -2*v + t = -12 - d. What is the units digit of v?
0
Let y(q) = 21*q**2 + 14*q + 27. Let b(x) = 4*x + 5. Let i be b(-2). What is the tens digit of y(i)?
7
Let h(p) = -p**3 + 7*p**2 + 3*p - 19. Suppose -3*y - 4*k = -37, -5*k - 4 = -5*y + 11. Let l be h(y). Suppose l*q = -0*q + 180. What is the tens digit of q?
9
Suppose -210*a + 208*a = 4*j - 14088, -7047 = -a - 3*j. What is the thousands digit of a?
7
Let x = 5294 + 15870. What is the hundreds digit of x?
1
Let i(r) = -203*r - 61. Let a = 350 + -354. What is the hundreds digit of i(a)?
7
What is the thousands digit of (272880/(-336))/((-2)/14)?
5
Suppose -22*x + 12 = -20*x. Suppose 0 = -x*r + 4*r + 368. Let y = r + -92. What is the 